Calculate the remainder when 385482 is divided by 7128.
570
Calculate the remainder when 11776573 is divided by 315.
298
Calculate the remainder when 2841996 is divided by 56.
52
Calculate the remainder when 1073712 is divided by 357883.
63
Calculate the remainder when 99316409 is divided by 58.
51
Calculate the remainder when 7290529 is divided by 289.
215
Calculate the remainder when 1210718 is divided by 490.
418
What is the remainder when 1525585 is divided by 261?
40
What is the remainder when 121336 is divided by 121235?
101
Calculate the remainder when 287161 is divided by 1229.
804
What is the remainder when 643085 is divided by 80000?
3085
Calculate the remainder when 166249977 is divided by 45.
42
What is the remainder when 44070549 is divided by 106?
95
Calculate the remainder when 81712694 is divided by 27587.
0
Calculate the remainder when 2850242 is divided by 178135.
82
Calculate the remainder when 3414016 is divided by 1137994.
34
Calculate the remainder when 4068830 is divided by 221.
220
What is the remainder when 109167 is divided by 201?
24
Calculate the remainder when 31045 is divided by 29615.
1430
What is the remainder when 1544127 is divided by 118779?
0
Calculate the remainder when 7949 is divided by 5785.
2164
What is the remainder when 15730746 is divided by 5809?
5783
What is the remainder when 6757300 is divided by 15937?
12
Calculate the remainder when 2024 is divided by 812.
400
What is the remainder when 668055 is divided by 66805?
5
Calculate the remainder when 308609138 is divided by 39.
32
Calculate the remainder when 4165884016 is divided by 11.
8
What is the remainder when 371851 is divided by 2510?
371
What is the remainder when 45368917 is divided by 656?
613
What is the remainder when 32478156 is divided by 176?
172
What is the remainder when 2260464 is divided by 2537?
2534
What is the remainder when 2120099 is divided by 530023?
7
Calculate the remainder when 477172 is divided by 43373.
69
What is the remainder when 3235807 is divided by 2568?
127
Calculate the remainder when 10078 is divided by 3803.
2472
Calculate the remainder when 21953 is divided by 158.
149
What is the remainder when 210841 is divided by 210824?
17
What is the remainder when 7173 is divided by 1144?
309
What is the remainder when 1835703 is divided by 250?
203
What is the remainder when 26781 is divided by 7815?
3336
Calculate the remainder when 3248161 is divided by 403.
384
Calculate the remainder when 12428982 is divided by 132223.
20
Calculate the remainder when 478433 is divided by 159452.
77
What is the remainder when 98663 is divided by 3513?
299
Calculate the remainder when 118375829 is divided by 810.
809
What is the remainder when 6412460 is divided by 36?
32
What is the remainder when 6012093 is divided by 501007?
9
Calculate the remainder when 106171222 is divided by 4.
2
Calculate the remainder when 9466571 is divided by 38.
11
Calculate the remainder when 3050523 is divided by 1.
0
What is the remainder when 3528502 is divided by 424?
398
Calculate the remainder when 18271997 is divided by 1600.
1597
What is the remainder when 153069950 is divided by 177?
173
What is the remainder when 491727 is divided by 11706?
75
Calculate the remainder when 18624513 is divided by 111.
45
Calculate the remainder when 165975 is divided by 39078.
9663
What is the remainder when 40411 is divided by 820?
231
Calculate the remainder when 7951511 is divided by 20130.
161
What is the remainder when 452575 is divided by 246?
181
What is the remainder when 627736 is divided by 2229?
1387
Calculate the remainder when 234882 is divided by 46317.
3297
What is the remainder when 2254060 is divided by 9805?
8715
Calculate the remainder when 620048 is divided by 237.
56
What is the remainder when 18860992 is divided by 108?
88
Calculate the remainder when 1555910 is divided by 33.
26
What is the remainder when 156087 is divided by 180?
27
What is the remainder when 345276 is divided by 1521?
9
What is the remainder when 28409218 is divided by 21?
19
What is the remainder when 2345553 is divided by 17?
12
What is the remainder when 6736 is divided by 205?
176
What is the remainder when 185637 is divided by 26077?
3098
What is the remainder when 944553 is divided by 33732?
57
Calculate the remainder when 9845 is divided by 1586.
329
What is the remainder when 3338997 is divided by 2112?
2037
Calculate the remainder when 2775405 is divided by 115640.
45
Calculate the remainder when 192771 is divided by 2909.
777
Calculate the remainder when 105998 is divided by 26436.
254
Calculate the remainder when 151152 is divided by 50325.
177
Calculate the remainder when 940121 is divided by 374.
259
Calculate the remainder when 25194625 is divided by 11536.
1
Calculate the remainder when 1990784 is divided by 612.
560
Calculate the remainder when 4134361 is divided by 227.
10
Calculate the remainder when 5179205 is divided by 524.
513
What is the remainder when 14090948 is divided by 7045469?
10
Calculate the remainder when 22887595 is divided by 3814597.
13
Calculate the remainder when 12295 is divided by 3165.
2800
What is the remainder when 820934 is divided by 139?
0
What is the remainder when 187345 is divided by 187338?
7
What is the remainder when 6518695 is divided by 45?
40
What is the remainder when 330141 is divided by 25380?
201
What is the remainder when 182785 is divided by 30463?
7
What is the remainder when 4723321 is divided by 1563?
1498
Calculate the remainder when 634610299 is divided by 9305.
9299
What is the remainder when 465133 is divided by 912?
13
Calculate the remainder when 134679 is divided by 134648.
31
What is the remainder when 78831 is divided by 169?
77
Calculate the remainder when 39307613 is divided by 2126.
2125
Calculate the remainder when 196372 is divided by 39267.
37
What is the remainder when 393038 is divided by 284?
266
What is the remainder when 3121455 is divided by 123?
84
Calculate the remainder when 27631325 is divided by 418655.
95
Calculate the remainder when 1183150 is divided by 5144.
30
Calculate the remainder when 13496694 is divided by 4498881.
51
Calculate the remainder when 2556545 is divided by 83.
62
What is the remainder when 796784 is divided by 2866?
36
What is the remainder when 74983756 is divided by 385?
1
What is the remainder when 2777701 is divided by 698?
359
What is the remainder when 3909937 is divided by 43?
33
What is the remainder when 2960778 is divided by 2960752?
26
Calculate the remainder when 441017 is divided by 217583.
5851
What is the remainder when 37987071 is divided by 9?
6
Calculate the remainder when 531500 is divided by 221.
216
Calculate the remainder when 3149264 is divided by 2384.
0
Calculate the remainder when 50293392 is divided by 297.
6
Calculate the remainder when 531958 is divided by 4505.
368
Calculate the remainder when 41109233 is divided by 1946.
1929
What is the remainder when 483568 is divided by 5036?
112
What is the remainder when 456427 is divided by 114099?
31
What is the remainder when 81923 is divided by 125?
48
Calculate the remainder when 173890 is divided by 15799.
101
Calculate the remainder when 14320863 is divided by 18.
9
What is the remainder when 79983 is divided by 26564?
291
What is the remainder when 2839990 is divided by 255?
55
Calculate the remainder when 16501531 is divided by 135258.
55
What is the remainder when 7080 is divided by 700?
80
What is the remainder when 1503721 is divided by 6369?
637
What is the remainder when 192222477 is divided by 12013904?
13
Calculate the remainder when 190999 is divided by 2195.
34
Calculate the remainder when 4617747 is divided by 282.
279
What is the remainder when 15759 is divided by 139?
52
What is the remainder when 74664043 is divided by 1931?
1928
What is the remainder when 663531 is divided by 2342?
745
Calculate the remainder when 8349236 is divided by 40.
36
What is the remainder when 257411 is divided by 32131?
363
Calculate the remainder when 49519409 is divided by 20.
9
What is the remainder when 224889 is divided by 56162?
241
Calculate the remainder when 1390836 is divided by 4863.
18
What is the remainder when 27002795 is divided by 1496?
1491
What is the remainder when 1062